s 175957 composite?
True
Is 71693 a composite number?
False
Is 959 composite?
True
Is 17159 a composite number?
False
Is 525127 prime?
True
Is 23593 prime?
True
Is 517 prime?
False
Is 74569 composite?
True
Is 45921 prime?
False
Is 374767 a composite number?
True
Is 21961 a prime number?
True
Is 313099 a composite number?
True
Is 3667 a composite number?
True
Is 16001 composite?
False
Is 47681 composite?
False
Is 51073 composite?
True
Is 190523 a composite number?
False
Is 31957 composite?
False
Is 132721 a composite number?
False
Is 136943 a composite number?
False
Is 279311 prime?
True
Is 5669 a prime number?
True
Is 12409 prime?
True
Is 17837 prime?
True
Is 629197 composite?
True
Is 48799 composite?
False
Is 97397 composite?
False
Is 16783 a composite number?
True
Is 70603 a prime number?
False
Is 2903 prime?
True
Is 28349 prime?
True
Is 18743 composite?
False
Is 476579 a composite number?
False
Is 1075843 prime?
True
Is 149711 prime?
True
Is 24133 a composite number?
False
Is 718303 a composite number?
False
Is 8519 prime?
False
Is 8035 composite?
True
Is 359477 prime?
True
Is 4417 prime?
False
Is 5617 composite?
True
Is 20431 a prime number?
True
Is 10035239 a prime number?
True
Is 145091 a prime number?
True
Is 13985 a composite number?
True
Is 173041 a prime number?
False
Is 57185 a prime number?
False
Is 629023 a prime number?
True
Is 13367 prime?
True
Is 646571 prime?
True
Is 3937 a composite number?
True
Is 6329 a composite number?
False
Is 104693 prime?
True
Is 1041659 prime?
False
Is 28837 a composite number?
False
Is 305393 composite?
True
Is 2382337 a prime number?
True
Is 14377 a prime number?
False
Is 82699 prime?
True
Is 25811 prime?
False
Is 1101 prime?
False
Is 89497 a prime number?
False
Is 134731 prime?
True
Is 2015707 a prime number?
False
Is 69929 prime?
True
Is 5623 composite?
False
Is 145897 a composite number?
False
Is 30739 a prime number?
False
Is 40691 prime?
False
Is 78091 a composite number?
True
Is 864145 a composite number?
True
Is 107563 a prime number?
True
Is 207605 a composite number?
True
Is 5473 composite?
True
Is 15293 a composite number?
True
Is 505497 a prime number?
False
Is 2039491 a composite number?
False
Is 1823 a prime number?
True
Is 73985 prime?
False
Is 39635 a prime number?
False
Is 570641 a prime number?
False
Is 36197 composite?
True
Is 50171 a composite number?
True
Is 194241 a prime number?
False
Is 44351 composite?
False
Is 75869 composite?
False
Is 16459 a composite number?
True
Is 96361 prime?
False
Is 18187 composite?
True
Is 199081 prime?
True
Is 3071 composite?
True
Is 27635 composite?
True
Is 463241 a prime number?
False
Is 176123 a composite number?
False
Is 4934 a composite number?
True
Is 35251 a prime number?
True
Is 1633 a composite number?
True
Is 189263 composite?
True
Is 41417 composite?
True
Is 126193 a composite number?
True
Is 123167 a composite number?
True
Is 8999 a composite number?
False
Is 2757529 a prime number?
True
Is 31387 a composite number?
False
Is 175597 a prime number?
False
Is 414431 composite?
False
Is 49523 a composite number?
False
Is 61751 a prime number?
True
Is 6959 composite?
False
Is 69227 a composite number?
True
Is 68267 prime?
False
Is 476431 a prime number?
False
Is 48857 a prime number?
True
Is 171609 a composite number?
True
Is 307822 composite?
True
Is 41963 a composite number?
True
Is 137029 a prime number?
True
Is 271613 a prime number?
False
Is 1058747 prime?
True
Is 1541699 prime?
True
Is 383723 a composite number?
False
Is 612563 a composite number?
True
Is 641891 composite?
False
Is 11215 composite?
True
Is 10637 a prime number?
False
Is 4111 a prime number?
True
Is 17257 prime?
True
Is 39551 a prime number?
True
Is 4661 composite?
True
Is 20369 composite?
False
Is 899611 a composite number?
False
Is 3593 prime?
True
Is 137653 a prime number?
True
Is 3659 a prime number?
True
Is 95163 a composite number?
True
Is 255287 a composite number?
True
Is 276389 composite?
False
Is 28789 prime?
True
Is 12497 prime?
True
Is 11281 a composite number?
True
Is 775457 prime?
False
Is 53683 composite?
True
Is 188023 prime?
False
Is 129793 a prime number?
True
Is 66581 a composite number?
True
Is 40693 a composite number?
False
Is 9343 a prime number?
True
Is 24559 prime?
False
Is 28871 prime?
True
Is 119159 a composite number?
False
Is 1471 prime?
True
Is 94409 composite?
True
Is 14107 composite?
False
Is 14263 a composite number?
True
Is 6733 composite?
False
Is 70709 prime?
True
Is 232613 a prime number?
False
Is 5623 composite?
False
Is 4426 a composite number?
True
Is 28783 a composite number?
True
Is 17126 a composite number?
True
Is 899 prime?
False
Is 573637 a prime number?
True
Is 132473 a prime number?
False
Is 4145 a composite number?
True
Is 14479 a prime number?
True
Is 3683 composite?
True
Is 17657 composite?
False
Is 797801 prime?
False
Is 282151 composite?
True
Is 5807 a composite number?
False
Is 11631 a prime number?
False
Is 1481 prime?
True
Is 115643 prime?
False
Is 1651 composite?
True
Is 54146 a composite number?
True
Is 271255 prime?
False
Is 20269 composite?
False
Is 23789 a prime number?
True
Is 81881 a composite number?
True
Is 30341 composite?
False
Is 8683 a composite number?
True
Is 54611 a composite number?
True
Is 4454997 a prime number?
False
Is 5923 a composite number?
False
Is 2747 a composite number?
True
Is 166349 a composite number?
False
Is 624221 a prime number?
False
Is 132929 composite?
False
Is 32854 prime?
False
Is 6690279 a prime number?
False
Is 102599 prime?
False
Is 56767 composite?
False
Is 677 composite?
False
Is 9934 a composite number?
True
Is 2051 a composite number?
True
Is 193449 prime?
False
Is 10223 a prime number?
True
Is 119653 prime?
True
Is 2331551 prime?
False
Is 114419 a prime number?
True
Is 51962 composite?
True
Is 65237 a composite number?
True
Is 784951 prime?
False
Is 103313 prime?
False
Is 240819 composite?
True
Is 271667 a prime number?
False
Is 3845 prime?
False
Is 18287 prime?
True
Is 1791226 a prime number?
False
Is 110119 a composite number?
False
Is 12829 a prime number?
True
Is 8263 prime?
True
Is 13361 a prime number?
False
Is 143873 a composite number?
False
Is 74813 composite?
True
Is 38507 prime?
False
Is 17401 a composite number?
False
Is 22679 composite?
False
Is 15293 composite?
True
Is 11197 a prime number?
True
Is 417563 a prime number?
False
Is 665011 a composite number?
False
Is 235853 a composite number?
True
Is 8661 prime?
False
Is 6883 prime?
True
Is 11539 a composite number?
True
Is 182581 prime?
False
Is 39359 prime?
True
Is 54037 prime?
True
Is 1499 a prime number?
True
Is 216271 a prime number?
False
Is 53353 prime?
True
Is 739549 a composite number?
False
Is 1313 prime?
False
Is 3299 a composite number?
False
Is 12531 composite?
True
Is 452077 composite?
False
Is 12929 prime?
False
Is 341141 a composite number?
False
Is 2767 a prime number?
True
Is 1361 a composite number?
False
Is 113101 a prime number?
False
Is 37039 prime?
True
Is 240421 composite?
False
Is 1883 a composite number?
True
Is 46687 a prime number?
True
Is 23159 a composite number?
False
Is 6882154 prime?
False
Is 31767 prime?
False
Is 317483 a prime number?
True
Is 42949 a composite number?
True
Is 3787 a prime number?
False
Is 55166 a composite number?
True
Is 26759 composite?
False
Is 4321 a composite number?
True
Is 1022377 a prime number?
True
Is 22177 prime?
False
Is 975071 prime?
True
Is 3271 prime?
True
Is 1905899 composite?
False
Is 346739 a prime number?
True
Is 24281 composite?
False
Is 347002 composite?
True
Is 1757401 a prime number?
True
Is 1406069 prime?
False
Is 17233 a composite number?
True
Is 202441 a composite number?
False
Is 10511 a composite number?
True
Is 19607 composite?
True
Is 563113 a prime number?
True
Is 296473 a prime number?
True
Is 1486933 prime?
False
Is 492689 composite?
True
Is 215123 a prime number?
True
Is 109163 a prime number?
False
Is 383665 a prime number?
False
Is 797 prime?
True
Is 2153 prime?
True
Is 27091 a composite number?
False
Is 7699 composite?
False
Is 144051 a prime number?
False
Is 265381 prime?
True
Is 6007 composite?
False
Is 244921 a composite number?
True
Is 565198 a composite number?
True
Is 123191 a prime number?
True
Is 81611 co